{"id":53,"date":"2020-03-04T06:10:49","date_gmt":"2020-03-04T06:10:49","guid":{"rendered":"http:\/\/fincaslavado.com\/wp2020\/?page_id=53"},"modified":"2024-02-26T14:44:30","modified_gmt":"2024-02-26T14:44:30","slug":"sugerencias","status":"publish","type":"page","link":"https:\/\/fincaslavado.com\/wp2020\/sugerencias\/","title":{"rendered":"SUGERENCIAS"},"content":{"rendered":"\n<div class=\"pricing-plans\" id=\"pricing\">\n   <div class=\"wrap\">\n\t<div class=\"client\">\n\t\t<div class=\"data\" style=\" width:100%; text-align:left; font-size:14px\">\n\t\t    <h1>Buz\u00f3n de sugerencias<\/h1>\n                    <p>Este es el buz\u00f3n de SUGERENCIAS de Fincas Lavado.<\/p>\n\n                    <p>Cumplimente el siguiente formulario haci\u00e9ndonos llegar su sugerencia y no esforzaremos en valorarla y tenerla en consideraci\u00f3n.<\/p>\n                    <p>\u00c9ste NO ES UN SERVICIO DE INFORMACI\u00d3N.<\/p>\n\n                <\/div>\n\t  <\/div>\n\t  <div class=\"clear\"> <\/div>\n      <\/div>\n<\/div>\n\n\n\n\n<div class=\"wpcf7 no-js\" id=\"wpcf7-f312-o1\" lang=\"es-ES\" dir=\"ltr\">\n<div class=\"screen-reader-response\"><p role=\"status\" aria-live=\"polite\" aria-atomic=\"true\"><\/p> <ul><\/ul><\/div>\n<form action=\"\/wp2020\/wp-json\/wp\/v2\/pages\/53#wpcf7-f312-o1\" method=\"post\" class=\"wpcf7-form init\" aria-label=\"Formulario de contacto\" novalidate=\"novalidate\" data-status=\"init\">\n<div style=\"display: none;\">\n<input type=\"hidden\" name=\"_wpcf7\" value=\"312\" \/>\n<input type=\"hidden\" name=\"_wpcf7_version\" value=\"5.9.8\" \/>\n<input type=\"hidden\" name=\"_wpcf7_locale\" value=\"es_ES\" \/>\n<input type=\"hidden\" name=\"_wpcf7_unit_tag\" value=\"wpcf7-f312-o1\" \/>\n<input type=\"hidden\" name=\"_wpcf7_container_post\" value=\"0\" \/>\n<input type=\"hidden\" name=\"_wpcf7_posted_data_hash\" value=\"\" \/>\n<input type=\"hidden\" name=\"_wpcf7_recaptcha_response\" value=\"\" \/>\n<\/div>\n<p><label style=\"font-size:14px; color:#ff6600; font-weight:bold\" > NOMBRE (obligatorio)<br \/>\n<span class=\"wpcf7-form-control-wrap\" data-name=\"your-name\"><input size=\"40\" maxlength=\"400\" class=\"wpcf7-form-control wpcf7-text wpcf7-validates-as-required\" aria-required=\"true\" aria-invalid=\"false\" value=\"\" type=\"text\" name=\"your-name\" \/><\/span> <\/label>\n<\/p>\n<p><label style=\"font-size:14px; color:#ff6600; font-weight:bold\"> CORREO ELECTR\u00d3NICO (obligatorio)<br \/>\n<span class=\"wpcf7-form-control-wrap\" data-name=\"your-email\"><input size=\"40\" maxlength=\"400\" class=\"wpcf7-form-control wpcf7-email wpcf7-validates-as-required wpcf7-text wpcf7-validates-as-email\" aria-required=\"true\" aria-invalid=\"false\" value=\"\" type=\"email\" name=\"your-email\" \/><\/span> <\/label>\n<\/p>\n<p><label style=\"font-size:14px; color:#ff6600; font-weight:bold\"> ASUNTO<br \/>\n<span class=\"wpcf7-form-control-wrap\" data-name=\"your-subject\"><input size=\"40\" maxlength=\"400\" class=\"wpcf7-form-control wpcf7-text\" aria-invalid=\"false\" value=\"\" type=\"text\" name=\"your-subject\" \/><\/span> <\/label>\n<\/p>\n<p><label style=\"font-size:14px; color:#ff6600; font-weight:bold\"> SUGERENCIA<br \/>\n<span class=\"wpcf7-form-control-wrap\" data-name=\"your-message\"><textarea cols=\"40\" rows=\"10\" maxlength=\"2000\" class=\"wpcf7-form-control wpcf7-textarea\" aria-invalid=\"false\" name=\"your-message\"><\/textarea><\/span> <\/label>\n<\/p>\n<p><span class=\"wpcf7-form-control-wrap\" data-name=\"Privacidad\"><span class=\"wpcf7-form-control wpcf7-acceptance\"><span class=\"wpcf7-list-item\"><label><input type=\"checkbox\" name=\"Privacidad\" value=\"1\" aria-invalid=\"false\" \/><span class=\"wpcf7-list-item-label\"><span style=\"font-size:16px\">He le\u00eddo y acepto la <a href=\"\/politica-privacidad\">Pol\u00edtica de Privacidad<\/a>. <\/span><\/span><\/label><\/span><\/span><\/span>\n<\/p>\n<p><span class=\"wpcf7-form-control-wrap kc_captcha\" data-name=\"kc_captcha\"><span class=\"wpcf7-form-control wpcf7-radio\"><span class=\"captcha-image\" ><span class=\"cf7ic_instructions\">Por favor, prueba que eres humano seleccionando el<span> casa<\/span>.<\/span><label><input type=\"radio\" name=\"kc_captcha\" value=\"bot\" \/><svg width=\"50\" height=\"50\" aria-hidden=\"true\" role=\"img\" xmlns=\"http:\/\/www.w3.org\/2000\/svg\" viewBox=\"0 0 576 512\"><path fill=\"currentColor\" d=\"M415 24c-53 0-103 42-127 65-24-23-74-65-127-65C70 24 16 77 16 166c0 72 67 133 69 135l187 181c9 8 23 8 32 0l187-180c2-3 69-64 69-136 0-89-54-142-145-142z\"\/><\/svg><\/label><label><input type=\"radio\" name=\"kc_captcha\" value=\"kc_human\" \/><svg width=\"50\" height=\"50\" aria-hidden=\"true\" role=\"img\" xmlns=\"http:\/\/www.w3.org\/2000\/svg\" viewBox=\"0 0 576 512\"><path fill=\"currentColor\" d=\"M488 313v143c0 13-11 24-24 24H348c-7 0-12-5-12-12V356c0-7-5-12-12-12h-72c-7 0-12 5-12 12v112c0 7-5 12-12 12H112c-13 0-24-11-24-24V313c0-4 2-7 4-10l188-154c5-4 11-4 16 0l188 154c2 3 4 6 4 10zm84-61l-84-69V44c0-6-5-12-12-12h-56c-7 0-12 6-12 12v73l-89-74a48 48 0 00-61 0L4 252c-5 4-5 12-1 17l25 31c5 5 12 5 17 1l235-193c5-4 11-4 16 0l235 193c5 5 13 4 17-1l25-31c4-6 4-13-1-17z\"\/><\/svg><\/label><label><input type=\"radio\" name=\"kc_captcha\" value=\"bot\" \/><svg width=\"50\" height=\"50\" aria-hidden=\"true\" role=\"img\" xmlns=\"http:\/\/www.w3.org\/2000\/svg\" viewBox=\"0 0 512 512\"><path fill=\"currentColor\" d=\"M512 176a176 176 0 01-209 173l-24 27a24 24 0 01-18 8h-37v40c0 13-11 24-24 24h-40v40c0 13-11 24-24 24H24c-13 0-24-11-24-24v-78c0-6 3-13 7-17l162-162a176 176 0 11343-55zm-176-48a48 48 0 1096 0 48 48 0 00-96 0z\"\/><\/svg><\/label>\r\n    <\/span>\r\n    <span style=\"display:none\">\r\n        <input type=\"text\" name=\"kc_honeypot\">\r\n    <\/span><\/span><\/span>\n<\/p>\n<p><input class=\"wpcf7-form-control wpcf7-submit has-spinner\" type=\"submit\" value=\"Enviar\" \/>\n<\/p><div class=\"wpcf7-response-output\" aria-hidden=\"true\"><\/div>\n<\/form>\n<\/div>\n\n","protected":false},"excerpt":{"rendered":"<p>Buz\u00f3n de sugerencias Este es el buz\u00f3n de SUGERENCIAS de Fincas Lavado. Cumplimente el siguiente formulario haci\u00e9ndonos llegar su sugerencia<\/p>\n","protected":false},"author":1,"featured_media":0,"parent":0,"menu_order":0,"comment_status":"closed","ping_status":"closed","template":"","meta":{"footnotes":""},"yoast_head":"<!-- This site is optimized with the Yoast SEO plugin v22.1 - https:\/\/yoast.com\/wordpress\/plugins\/seo\/ -->\n<title>SUGERENCIAS - Fincas Lavado | Tu Administrador de Fincas en Torrevieja<\/title>\n<meta name=\"robots\" content=\"index, follow, max-snippet:-1, max-image-preview:large, max-video-preview:-1\" \/>\n<link rel=\"canonical\" href=\"https:\/\/fincaslavado.com\/wp2020\/sugerencias\/\" \/>\n<meta property=\"og:locale\" content=\"es_ES\" \/>\n<meta property=\"og:type\" content=\"article\" \/>\n<meta property=\"og:title\" content=\"SUGERENCIAS - Fincas Lavado | Tu Administrador de Fincas en Torrevieja\" \/>\n<meta property=\"og:description\" content=\"Buz\u00f3n de sugerencias Este es el buz\u00f3n de SUGERENCIAS de Fincas Lavado. Cumplimente el siguiente formulario haci\u00e9ndonos llegar su sugerencia\" \/>\n<meta property=\"og:url\" content=\"https:\/\/fincaslavado.com\/wp2020\/sugerencias\/\" \/>\n<meta property=\"og:site_name\" content=\"Fincas Lavado | Tu Administrador de Fincas en Torrevieja\" \/>\n<meta property=\"article:modified_time\" content=\"2024-02-26T14:44:30+00:00\" \/>\n<meta name=\"twitter:card\" content=\"summary_large_image\" \/>\n<meta name=\"twitter:label1\" content=\"Tiempo de lectura\" \/>\n\t<meta name=\"twitter:data1\" content=\"1 minuto\" \/>\n<script type=\"application\/ld+json\" class=\"yoast-schema-graph\">{\"@context\":\"https:\/\/schema.org\",\"@graph\":[{\"@type\":\"WebPage\",\"@id\":\"https:\/\/fincaslavado.com\/wp2020\/sugerencias\/\",\"url\":\"https:\/\/fincaslavado.com\/wp2020\/sugerencias\/\",\"name\":\"SUGERENCIAS - Fincas Lavado | Tu Administrador de Fincas en Torrevieja\",\"isPartOf\":{\"@id\":\"https:\/\/fincaslavado.com\/wp2020\/#website\"},\"datePublished\":\"2020-03-04T06:10:49+00:00\",\"dateModified\":\"2024-02-26T14:44:30+00:00\",\"breadcrumb\":{\"@id\":\"https:\/\/fincaslavado.com\/wp2020\/sugerencias\/#breadcrumb\"},\"inLanguage\":\"es\",\"potentialAction\":[{\"@type\":\"ReadAction\",\"target\":[\"https:\/\/fincaslavado.com\/wp2020\/sugerencias\/\"]}]},{\"@type\":\"BreadcrumbList\",\"@id\":\"https:\/\/fincaslavado.com\/wp2020\/sugerencias\/#breadcrumb\",\"itemListElement\":[{\"@type\":\"ListItem\",\"position\":1,\"name\":\"Portada\",\"item\":\"https:\/\/fincaslavado.com\/wp2020\/\"},{\"@type\":\"ListItem\",\"position\":2,\"name\":\"SUGERENCIAS\"}]},{\"@type\":\"WebSite\",\"@id\":\"https:\/\/fincaslavado.com\/wp2020\/#website\",\"url\":\"https:\/\/fincaslavado.com\/wp2020\/\",\"name\":\"Fincas Lavado | Tu Administrador de Fincas en Torrevieja\",\"description\":\"Administraci\u00f3n de fincas\",\"publisher\":{\"@id\":\"https:\/\/fincaslavado.com\/wp2020\/#organization\"},\"potentialAction\":[{\"@type\":\"SearchAction\",\"target\":{\"@type\":\"EntryPoint\",\"urlTemplate\":\"https:\/\/fincaslavado.com\/wp2020\/?s={search_term_string}\"},\"query-input\":\"required name=search_term_string\"}],\"inLanguage\":\"es\"},{\"@type\":\"Organization\",\"@id\":\"https:\/\/fincaslavado.com\/wp2020\/#organization\",\"name\":\"Fincas Lavado | Tu Administrador de Fincas en Torrevieja\",\"url\":\"https:\/\/fincaslavado.com\/wp2020\/\",\"logo\":{\"@type\":\"ImageObject\",\"inLanguage\":\"es\",\"@id\":\"https:\/\/fincaslavado.com\/wp2020\/#\/schema\/logo\/image\/\",\"url\":\"https:\/\/fincaslavado.com\/wp2020\/wp-content\/uploads\/2024\/02\/logo_f_lavado_letras-1.png\",\"contentUrl\":\"https:\/\/fincaslavado.com\/wp2020\/wp-content\/uploads\/2024\/02\/logo_f_lavado_letras-1.png\",\"width\":400,\"height\":110,\"caption\":\"Fincas Lavado | Tu Administrador de Fincas en Torrevieja\"},\"image\":{\"@id\":\"https:\/\/fincaslavado.com\/wp2020\/#\/schema\/logo\/image\/\"}}]}<\/script>\n<!-- \/ Yoast SEO plugin. -->","yoast_head_json":{"title":"SUGERENCIAS - Fincas Lavado | Tu Administrador de Fincas en Torrevieja","robots":{"index":"index","follow":"follow","max-snippet":"max-snippet:-1","max-image-preview":"max-image-preview:large","max-video-preview":"max-video-preview:-1"},"canonical":"https:\/\/fincaslavado.com\/wp2020\/sugerencias\/","og_locale":"es_ES","og_type":"article","og_title":"SUGERENCIAS - Fincas Lavado | Tu Administrador de Fincas en Torrevieja","og_description":"Buz\u00f3n de sugerencias Este es el buz\u00f3n de SUGERENCIAS de Fincas Lavado. Cumplimente el siguiente formulario haci\u00e9ndonos llegar su sugerencia","og_url":"https:\/\/fincaslavado.com\/wp2020\/sugerencias\/","og_site_name":"Fincas Lavado | Tu Administrador de Fincas en Torrevieja","article_modified_time":"2024-02-26T14:44:30+00:00","twitter_card":"summary_large_image","twitter_misc":{"Tiempo de lectura":"1 minuto"},"schema":{"@context":"https:\/\/schema.org","@graph":[{"@type":"WebPage","@id":"https:\/\/fincaslavado.com\/wp2020\/sugerencias\/","url":"https:\/\/fincaslavado.com\/wp2020\/sugerencias\/","name":"SUGERENCIAS - Fincas Lavado | Tu Administrador de Fincas en Torrevieja","isPartOf":{"@id":"https:\/\/fincaslavado.com\/wp2020\/#website"},"datePublished":"2020-03-04T06:10:49+00:00","dateModified":"2024-02-26T14:44:30+00:00","breadcrumb":{"@id":"https:\/\/fincaslavado.com\/wp2020\/sugerencias\/#breadcrumb"},"inLanguage":"es","potentialAction":[{"@type":"ReadAction","target":["https:\/\/fincaslavado.com\/wp2020\/sugerencias\/"]}]},{"@type":"BreadcrumbList","@id":"https:\/\/fincaslavado.com\/wp2020\/sugerencias\/#breadcrumb","itemListElement":[{"@type":"ListItem","position":1,"name":"Portada","item":"https:\/\/fincaslavado.com\/wp2020\/"},{"@type":"ListItem","position":2,"name":"SUGERENCIAS"}]},{"@type":"WebSite","@id":"https:\/\/fincaslavado.com\/wp2020\/#website","url":"https:\/\/fincaslavado.com\/wp2020\/","name":"Fincas Lavado | Tu Administrador de Fincas en Torrevieja","description":"Administraci\u00f3n de fincas","publisher":{"@id":"https:\/\/fincaslavado.com\/wp2020\/#organization"},"potentialAction":[{"@type":"SearchAction","target":{"@type":"EntryPoint","urlTemplate":"https:\/\/fincaslavado.com\/wp2020\/?s={search_term_string}"},"query-input":"required name=search_term_string"}],"inLanguage":"es"},{"@type":"Organization","@id":"https:\/\/fincaslavado.com\/wp2020\/#organization","name":"Fincas Lavado | Tu Administrador de Fincas en Torrevieja","url":"https:\/\/fincaslavado.com\/wp2020\/","logo":{"@type":"ImageObject","inLanguage":"es","@id":"https:\/\/fincaslavado.com\/wp2020\/#\/schema\/logo\/image\/","url":"https:\/\/fincaslavado.com\/wp2020\/wp-content\/uploads\/2024\/02\/logo_f_lavado_letras-1.png","contentUrl":"https:\/\/fincaslavado.com\/wp2020\/wp-content\/uploads\/2024\/02\/logo_f_lavado_letras-1.png","width":400,"height":110,"caption":"Fincas Lavado | Tu Administrador de Fincas en Torrevieja"},"image":{"@id":"https:\/\/fincaslavado.com\/wp2020\/#\/schema\/logo\/image\/"}}]}},"_links":{"self":[{"href":"https:\/\/fincaslavado.com\/wp2020\/wp-json\/wp\/v2\/pages\/53"}],"collection":[{"href":"https:\/\/fincaslavado.com\/wp2020\/wp-json\/wp\/v2\/pages"}],"about":[{"href":"https:\/\/fincaslavado.com\/wp2020\/wp-json\/wp\/v2\/types\/page"}],"author":[{"embeddable":true,"href":"https:\/\/fincaslavado.com\/wp2020\/wp-json\/wp\/v2\/users\/1"}],"replies":[{"embeddable":true,"href":"https:\/\/fincaslavado.com\/wp2020\/wp-json\/wp\/v2\/comments?post=53"}],"version-history":[{"count":6,"href":"https:\/\/fincaslavado.com\/wp2020\/wp-json\/wp\/v2\/pages\/53\/revisions"}],"predecessor-version":[{"id":313,"href":"https:\/\/fincaslavado.com\/wp2020\/wp-json\/wp\/v2\/pages\/53\/revisions\/313"}],"wp:attachment":[{"href":"https:\/\/fincaslavado.com\/wp2020\/wp-json\/wp\/v2\/media?parent=53"}],"curies":[{"name":"wp","href":"https:\/\/api.w.org\/{rel}","templated":true}]}}